True
Is 127 prime?
True
Is 469 a prime number?
False
Is 1253 composite?
True
Is 7613 a composite number?
True
Is 28931 a prime number?
False
Is 364678 a prime number?
False
Is 39383 composite?
False
Is 241169 a prime number?
True
Is 2053 a prime number?
True
Is 20611 prime?
True
Is 15193 composite?
False
Is 215123 a prime number?
True
Is 3353 a prime number?
False
Is 798485 a prime number?
False
Is 72497 prime?
True
Is 88643 composite?
False
Is 48361 a composite number?
True
Is 964967 a prime number?
True
Is 191413 prime?
True
Is 212035 a prime number?
False
Is 47041 a composite number?
False
Is 173887 composite?
True
Is 49523 a composite number?
False
Is 710777 a prime number?
True
Is 8839 a composite number?
False
Is 312157 a composite number?
True
Is 930379 composite?
False
Is 24593 a prime number?
True
Is 14303 a prime number?
True
Is 10627 composite?
False
Is 11909723 a composite number?
True
Is 3557 a composite number?
False
Is 762083 a composite number?
True
Is 12223 composite?
True
Is 34469 a prime number?
True
Is 72337 composite?
False
Is 2153 composite?
False
Is 299283 a prime number?
False
Is 3983627 a prime number?
False
Is 128969 a prime number?
True
Is 503995 a prime number?
False
Is 915163 a prime number?
False
Is 7223 a composite number?
True
Is 71215 a prime number?
False
Is 14533 composite?
False
Is 6421 a prime number?
True
Is 331 a composite number?
False
Is 1000969 prime?
True
Is 69341 prime?
True
Is 3513901 a composite number?
True
Is 15217 composite?
False
Is 6997 a prime number?
True
Is 3607 a composite number?
False
Is 71339 a prime number?
True
Is 2008634 composite?
True
Is 701 a prime number?
True
Is 194507 prime?
True
Is 326959 composite?
True
Is 518933 a prime number?
True
Is 10685 a prime number?
False
Is 749 prime?
False
Is 6497 prime?
False
Is 264991 composite?
False
Is 7115 composite?
True
Is 61141 composite?
False
Is 10219 a prime number?
False
Is 15681 prime?
False
Is 494161 a prime number?
False
Is 2558 a composite number?
True
Is 10213 a prime number?
False
Is 241907 composite?
False
Is 26491 prime?
False
Is 112349 composite?
False
Is 41329 composite?
True
Is 7831 a prime number?
False
Is 32293 prime?
False
Is 215953 prime?
True
Is 1277 a prime number?
True
Is 571277 a prime number?
False
Is 907 prime?
True
Is 40559 a composite number?
False
Is 128157 a prime number?
False
Is 7379 a prime number?
False
Is 71411 a composite number?
False
Is 440849 composite?
False
Is 560381 a prime number?
False
Is 2237 a prime number?
True
Is 1195607 prime?
False
Is 179 a composite number?
False
Is 26857 a composite number?
True
Is 38447 composite?
False
Is 95437 a prime number?
False
Is 70039 a prime number?
True
Is 173413 a prime number?
False
Is 26389 a composite number?
True
Is 307391 a composite number?
True
Is 25059 prime?
False
Is 11159 prime?
True
Is 32993 prime?
True
Is 1579495 a composite number?
True
Is 1426427 a composite number?
False
Is 159419 a prime number?
False
Is 73415 a composite number?
True
Is 49583 prime?
False
Is 110221 a prime number?
True
Is 154601 a composite number?
True
Is 44881 composite?
True
Is 42949 a prime number?
False
Is 15863 composite?
True
Is 1332313 prime?
True
Is 401701 a prime number?
False
Is 245513 prime?
True
Is 159113 a composite number?
False
Is 1087 a composite number?
False
Is 3377 composite?
True
Is 162259 prime?
False
Is 8513 a composite number?
False
Is 18489 prime?
False
Is 6187 prime?
False
Is 96891 a prime number?
False
Is 566347 a prime number?
True
Is 383717 composite?
True
Is 14114 prime?
False
Is 33185 a composite number?
True
Is 373229 a composite number?
False
Is 33509 a composite number?
True
Is 510369 prime?
False
Is 41731 prime?
False
Is 541 a composite number?
False
Is 20873 prime?
True
Is 224863 a composite number?
False
Is 46559 a prime number?
True
Is 93967 a composite number?
False
Is 130241 composite?
False
Is 315179 prime?
True
Is 2159 a prime number?
False
Is 41927 composite?
False
Is 119279 a prime number?
False
Is 19531 a composite number?
False
Is 3277 a prime number?
False
Is 44845 prime?
False
Is 26281 a composite number?
True
Is 1925273 a prime number?
False
Is 11463 composite?
True
Is 1009049 a composite number?
False
Is 18505 a prime number?
False
Is 490649 a prime number?
False
Is 343367 composite?
True
Is 11411 a composite number?
False
Is 9091 a prime number?
True
Is 60659 a prime number?
True
Is 1126 a composite number?
True
Is 37385 a prime number?
False
Is 2077 composite?
True
Is 7121 composite?
False
Is 17713 a composite number?
False
Is 9016801 prime?
True
Is 13911 composite?
True
Is 3989 a composite number?
False
Is 1399 prime?
True
Is 167257 a prime number?
False
Is 167911 prime?
True
Is 19529 prime?
False
Is 106909 composite?
True
Is 3691 a prime number?
True
Is 3823 prime?
True
Is 2221577 prime?
False
Is 2878 a composite number?
True
Is 149329 a prime number?
False
Is 1177997 a composite number?
False
Is 210347 prime?
True
Is 1525093 prime?
True
Is 17637 a prime number?
False
Is 1801 prime?
True
Is 10301 composite?
False
Is 1621 a prime number?
True
Is 32027 a prime number?
True
Is 427237 a prime number?
True
Is 52973 prime?
True
Is 85001 composite?
True
Is 203737 a composite number?
True
Is 1041 prime?
False
Is 9517 composite?
True
Is 517 prime?
False
Is 199301 composite?
True
Is 9661 prime?
True
Is 2722 prime?
False
Is 231797 a prime number?
False
Is 123511 a prime number?
False
Is 30333 composite?
True
Is 649661 a composite number?
False
Is 33791 a composite number?
False
Is 24303 composite?
True
Is 139939 prime?
True
Is 743 composite?
False
Is 122527 composite?
False
Is 223 a composite number?
False
Is 12488371 a composite number?
True
Is 2941 composite?
True
Is 220009 a composite number?
False
Is 94378 a composite number?
True
Is 81749 a composite number?
False
Is 49001 a prime number?
False
Is 1603793 a prime number?
True
Is 221099 a composite number?
True
Is 51767 a composite number?
False
Is 31367 a composite number?
True
Is 33433 a prime number?
False
Is 84533 composite?
False
Is 901807 prime?
False
Is 14207 prime?
True
Is 22957 prime?
False
Is 15101 a composite number?
False
Is 63071 prime?
False
Is 2467 a prime number?
True
Is 33457 a composite number?
False
Is 823841 a composite number?
False
Is 57053 composite?
True
Is 519445 a prime number?
False
Is 19139 prime?
True
Is 2429 prime?
False
Is 1061 a composite number?
False
Is 573437 a composite number?
False
Is 5266 a composite number?
True
Is 10201 a composite number?
True
Is 44391 prime?
False
Is 64481 a composite number?
True
Is 10594 a prime number?
False
Is 16349 a composite number?
False
Is 94033 prime?
True
Is 988138 a prime number?
False
Is 25429 a prime number?
False
Is 26126 prime?
False
Is 99859 a prime number?
True
Is 130991 prime?
False
Is 5219 composite?
True
Is 870097 prime?
True
Is 2042453 a composite number?
True
Is 2609 a composite number?
False
Is 6803 a prime number?
True
Is 314009 prime?
False
Is 295 a prime number?
False
Is 10639 a prime number?
True
Is 7069 a prime number?
True
Is 609731 a composite number?
True
Is 6407 prime?
False
Is 482179 composite?
False
Is 46133 composite?
False
Is 38489 composite?
True
Is 1637 prime?
True
Is 106993 a composite number?
False
Is 523945 prime?
False
Is 14591 a composite number?
False
Is 28837 composite?
False
Is 614923 composite?
True
Is 4791 composite?
True
Is 141389 a composite number?
True
Is 9745 composite?
True
Is 2201 prime?
False
Is 7639 a prime number?
True
Is 11631 a prime number?
False
Is 58471 a composite number?
True
Is 25409 composite?
False
Is 37159 a prime number?
True
Is 525839 prime?
True
Is 253019 composite?
True
Is 42853 prime?
True
Is 246391 a prime number?
True
Is 2826154 prime?
False
Is 1223533 a composite number?
False
Is 2015339 prime?
True
Is 13027 a prime number?
False
Is 174523 prime?
False
Is 116843 prime?
False
Is 6997 a composite number?
False
Is 43711 a prime number?
True
Is 5906 a composite number?
True
Is 30903 composite?
True
Is 1903919 a composite number?
True
Is 18467 prime?
False
Is 1771937 prime?
True
Is 94513 composite?
False
Is 413009 a composite number?
False
Is 2518 a composite number?
True
Is 1268357 a composite number?
False
Is 88169 a composite number?
False
Is 3